*r + 6. Let d(v) = -2*m(v) + 5*n(v). Give d(6).
-10
Let s(m) = m + 11. Let l(d) = 3*d + 32. Let i(n) = -3*l(n) + 8*s(n). Suppose 6 + 4 = b. Let k(y) = -y**3 + 9*y**2 + 10*y + 6. Let z be k(b). Calculate i(z).
-14
Let b = -31 + 36. Let c(t) be the second derivative of t**4/12 - t**3 + 3*t**2/2 - t. Let v(s) be the first derivative of c(s). Give v(b).
4
Let l(p) = -p**3 - 4*p**2 + 4*p + 5. Let x(i) = -23 - 5 + 6*i + 8 - 7*i. Let v be x(-15). What is l(v)?
10
Let u(y) = y + 1. Suppose 5*x + 8 = -3*t, -3*x + 4 = 5*t - 4. Determine u(x).
-3
Let l = 509 - 499. Let q(i) = i**2 - 7*i - 8. Calculate q(l).
22
Suppose 65 = 5*a + 5*d, -3*d = -154*a + 158*a - 51. Let x(y) = y**3 - 11*y**2 - 11*y - 15. Determine x(a).
-3
Let b(q) = -3*q - 6. Let f(x) = 5*x - 76. Let y be f(16). Let v(h) = 3*h + h**2 - 2*h**2 + 4 - 5. Let a be v(y). Give b(a).
9
Let o be (-1)/(3/8)*-39. Let w(x) = 68*x - 52. Let q(z) = -4*z + 3. Suppose -22*n = -14*n - 48. Let i(h) = n*w(h) + o*q(h). Determine i(-2).
16
Let k(o) = 3*o + 4. Suppose -6*a - 253 + 211 = 0. What is k(a)?
-17
Let w(h) = 5 + 4*h**2 - 3*h**2 - 1710*h + 1704*h. What is w(5)?
0
Let f = -255 + 1531/6. Let n(k) be the second derivative of -k**2 - f*k**3 - k + 0. Give n(3).
-5
Let p(a) = 2*a + a + 19*a**2 - 9*a**2 - 1 - a**2 - 8*a**2. Let t(o) = o**2 - 2*o - 1. Let z be t(-1). Give p(z).
9
Let b(a) = 123 - 124 - 3*a + 4*a + 3*a. Give b(1).
3
Suppose -503*k - 6 = -505*k. Let p(m) = 2*m**3 - 2*m**2 - 3*m - 2. Give p(k).
25
Let r be -2 + -1 - -4 - 0. Let d(f) = -21*f**2 + 8. Let m = 35 - 24. Let g(i) = -7*i**2 + 3. Let c(a) = m*g(a) - 4*d(a). Calculate c(r).
8
Let p(t) be the second derivative of -4*t**3/3 - 3*t**2/2 - 108*t - 1. What is p(-2)?
13
Let b be (-2 + (-10)/(-4))/(5/(-10)). Let t(u) = 7*u + 3. Calculate t(b).
-4
Suppose 768*f = 797*f + 174. Let x(q) = -q - 17. Determine x(f).
-11
Let l(m) be the second derivative of -m**4/3 - m**3/3 - m**2 + 81*m. Determine l(-3).
-32
Let n(x) = 1 + 5*x - 9*x + 0 - x**2. Suppose -8 - 6 = -y. Let k = 9 - y. Determine n(k).
-4
Let f(j) = -2*j - 21. Let d(s) = -2. Let q(m) = 22*d(m) - 2*f(m). Calculate q(3).
10
Suppose 40 = -5*q + 5*z, 4*q + 44 = 4*z + 3*z. Let n(l) = -l**3 - 2*l**2 + 3*l + 1. Give n(q).
21
Let o(t) = 5*t + 3. Let q(k) = k**3 - 24*k**2 + 25*k - 48. Let l be q(23). What is o(l)?
-7
Let t(f) = f - 2. Let s be t(-6). Let v(k) = 2*k**2 - 218*k + k**3 + 209*k + 5*k**2 + 3. Determine v(s).
11
Let i(j) = -7*j + 7. Let l(y) = -6*y + 7. Let t(v) = -5*i(v) + 6*l(v). Let m = -112 - -112. Calculate t(m).
7
Let m = 48 - 46. Let t(p) = -13*p + m - 22*p + 32*p. Determine t(4).
-10
Let i(g) = 9 - 591*g**2 - 4*g + 5*g + 0*g + 592*g**2 - 2*g. Determine i(0).
9
Suppose 4*b + 3*g - 163 + 34 = 0, -b = -5*g - 15. Suppose -5*r - 5 = -b. Let f(m) = -m**2 + 4*m + 4. Determine f(r).
-1
Let u(t) = t**3 + 20*t**2 + 20*t - 3. Let s(l) = -l**3 - 21*l**2 - 48*l + 89. Let r be s(-18). Calculate u(r).
-22
Let f(x) = 164 - 126 + x - 37. Suppose 4*j = -2*y + 2, 0 = -2*j - 3 - 1. Determine f(y).
6
Let p = 18 - -19. Suppose -c + 5*t = -5*c + 5, -4*t = -5*c + p. Suppose 4*i = 5*j - c - 4, 3 = i - 3*j. Let l(g) = g + 1. Determine l(i).
-5
Let x be (-16)/(-6)*(-6)/(-4). Suppose 3*d = 2*w - 50, -4*w + 60 = -0*w + x*d. Suppose -w*j + 24*j = 25. Let a(z) = z**3 - 6*z**2 + 3*z. Give a(j).
-10
Suppose 199*w + 71 + 281 = -46. Let a(b) = 6*b - 3. Let l(h) = 12*h - 7. Let y(q) = 13*a(q) - 6*l(q). Give y(w).
-9
Let o(k) = k**3 - 2*k**2 - 3*k + 14. Let r(w) = -w**3 + 3*w**2 + 2*w - 23. Let i(x) = -3*o(x) - 2*r(x). Give i(-3).
16
Let m(d) = d**3 - 4*d - 3. Let r be (1 + (-1)/(-2))*8/(-6). Calculate m(r).
-3
Let f(s) be the second derivative of -s**3/6 - 11*s**2 + 99*s. Determine f(-15).
-7
Let c(l) = -2*l**3 + 8*l**2 - 6*l - 6. Let q(v) = -v**3 + v**2 - v + 1. Let z(o) = c(o) - q(o). What is z(5)?
18
Let n(x) be the second derivative of x**4/24 - 7*x**3/6 + 7*x**2 + 28*x. Let k(a) be the first derivative of n(a). What is k(0)?
-7
Suppose 4*h - h + 4*g + 13 = 0, 0 = 3*g + 12. Let n be h - 2 - (-33)/(-11). Let s(x) = 2*x + 3. Let l be s(n). Let r(c) = c**2 + 2*c - 7. Determine r(l).
8
Let z = -25 + 27. Suppose -w = z*l - 4*l - 6, 4*l + 10 = w. Let k(y) = -2*y - 2. Calculate k(l).
2
Let h(l) be the first derivative of l**2/2 + 18*l - 3. Let d(u) = 35*u - 315. Let g be d(9). Give h(g).
18
Suppose -143 - 117 = -20*b. Let u(j) = -3*j + 28. What is u(b)?
-11
Let w(b) = -3*b + 6*b + 3*b - 9*b - 3*b + 2. Calculate w(5).
-28
Let b(f) = -f**2 - 2*f - 3. Suppose 9*p - 10*p = -14. Suppose -3*a - 23 = -p. Calculate b(a).
-6
Let a(u) = u - 5. Let t be a(9). Let i(x) = -2*x**3 - 3*x**2 + 1. Let d(p) = 2*p**3 + 3*p**2 - p - 2. Let m(s) = t*i(s) + 3*d(s). Let q = -8 + 6. What is m(q)?
8
Let m(k) be the second derivative of -k**4/12 - 3*k**3/2 - k**2 + 1324*k. Let u = -16 - -9. What is m(u)?
12
Let a(d) = -d**3 - 11*d**2 - 12*d - 14. Let h be a(-10). Let l(x) = 2*x + 112*x**2 - 106*x**2 + 9*x**3 - 8 - 10*x**3. Give l(h).
4
Let u(w) = -6*w + 2*w + w - 2 - 4*w**2 - w**3. Give u(-2).
-4
Let s(u) = 4*u - 93 + 276 - 97 + 3*u**2 - 93. Give s(-4).
25
Let n(z) = z**2 + 2. Let r = 710 + -706. Determine n(r).
18
Let l(f) be the second derivative of -f**4/6 - f**3 - f**2/2 - 25*f. What is l(-4)?
-9
Let v be (252/7)/(2 - 3 - -3). Suppose v*w - 3 = 15*w. Let p(t) = 13*t**2 + t. What is p(w)?
14
Suppose -5*r + 7*r = 0. Suppose -f = 5*m - 10, 3*m - 2*f + r - 6 = 0. Let b(h) = -h - h - 16*h**2 + 10*h**m + 5*h**2 + h**3. Calculate b(2).
0
Let s be -2 + 4/(-3)*-3. Let p = 7 - 7. Let w(n) = 4*n**2 - 3*n**2 + 2 + p - n. Determine w(s).
4
Let q(i) = -2*i**2 - 5*i - 3. Let k = -134 + 160. Let h = 2 + -10. Let u be k/h - 2/(-8). Determine q(u).
-6
Let n(i) = -i**2 - 1. Let f(l) = 16*l - 6. Let w(t) = f(t) - n(t). Determine w(-16).
-5
Let b(r) = r**2 - 9 + 2*r - 10*r + 8*r + 4*r. Give b(-8).
23
Let q be (19 - 1)/((-3)/(-2)). Let d(u) = 2*u - 10 - 4 + q. Give d(-5).
-12
Suppose -5*o - 3*v = -42, 37 = 5*o + 5*v - 3. Let z(x) be the second derivative of x**4/12 - 3*x**3/2 + x**2/2 - x + 19. What is z(o)?
1
Suppose -8*u + 3*u + 5*l = 15, 16 = -4*u + 3*l. Let o(b) = 2*b + 3 + 3 - 1. Give o(u).
-9
Let d = 21 - 16. Suppose 0 = -o - 5*g - d, 3*o + 2*g + 15 = 5*g. Let p(a) = -3*a - 2. Determine p(o).
13
Let b = -1/724 + 1273/4344. Let w(h) be the third derivative of 7*h**2 + 0 + b*h**4 + 0*h + 1/6*h**3. Determine w(-1).
-6
Suppose -5*d = 4*r + 99, 0 = -6*r + 3*r + 4*d - 113. Let p = r + 29. Let j be (0/(-6))/(p*1). Let f(a) = -a**3 - a + 15. Calculate f(j).
15
Let v(c) = c**2 - 18*c + 19. Let i be 223/13 - (-2)/(-13). Let a be v(i). Let m(f) = -2 + 3*f**2 - 3 - 4*f - a*f**2 + 7. Give m(4).
2
Let f(j) = -j**3 + 3*j**2 - 5. Let l = -20 + 16. Let s be (l/8)/(4 + 99/(-24)). Determine f(s).
-21
Let c(x) = -4 + 19*x**2 - 2 - 15*x - 3*x**2 + 6 - 2*x**3. Calculate c(7).
-7
Let l be 3 - -2*3/(-6). Let g(j) = -l*j + 0*j + 0 - 1 - 2. Let t be -4 + 0/2 + -1. Give g(t).
7
Let l(w) = -28*w**2 + 36*w**2 + 2*w**3 + 9 + 3*w - 11*w - 2*w**3 - w**3. Let q be (14/(-3))/(4/(-6)). Give l(q).
2
Let x be (-8)/(1/((-3)/2)). Let b be ((-105)/x)/(-7)*4. Let g(z) = -z + 5. Let y(w) = 2*w - 8. Let v(t) = b*y(t) + 8*g(t). Determine v(2).
4
Let z(l) = -6. Let k(g) = -g**2 - 1. Suppose m = 0, b + 2*m - 6 = -0*m. Let i(v) = b*k(v) - z(v). What is i(-1)?
-6
Suppose 0 = -g + 3*a - 2 - 1, -2*a = g + 8. Let c(o) be the second derivative of -o**3/2 - 9*o**2/2 - o + 34. Give c(g).
9
Suppose -5 - 25 = -3*j. Suppose 5 = 5*k - j. Let w(c) = c**2 + 2*c + 6*c + k - 4*c. Calculate w(-3).
0
Let g(m) = -m**2 + 1 + m + 4*m - 6*m - 5*m - 4*m. What is g(-8)?
17
Let z = 4 + -2. Let i(k) = 2*k + 2. Let v(p) = -16*p - 4. Let y(m) = -37*m - 9. Let l(g) = 7*v(g) - 3*y(g). Let d(h) = z*i(h) + 5*l(h). Calculate d(-1).
0
Let p(o) = 10*o**2 - 8*o. Let h be p(1). Let b(v) = -v**3 - v**2 + 4*v - 1. Determine b(h).
-5
Let u(c) = -61*c**2 - c**3 - 1 + 185*c**2 - 125*c**2. Let n(m) = -m**2 - 10*m + 9. Let g be n(-11). Give u(g).
3
Let c(i) = -5*i**2 + 27 - 8*i + 10*i - 28. What is c(1)?
-4
Let m be 371/77 + 2/11. Suppose 5*z - 10 = 5*q, 0*q + 2 = -q - m*z. Let s(r) = -2*r. Determine s(q).
4
Let y = -4 + 0. Let n(f) = -f**3 - 4*f**2 - 4*f - 2. Let z(j) = -4*j**3 - 16*j**2 - 17*j - 6. Let u(i) = -9*n(i) + 2*z(i). Calculate u(y